et a = -15 - -19. Suppose -m + s - 2*s = -2, -3*m = -a*s - 34. What is the units digit of (-1)/((-15)/170)*m?
8
Let u(g) be the first derivative of g**2/2 + 29*g - 1. Suppose 5*h + 5*r = 30, -3*r - 42 = -4*h - r. What is the units digit of u(h)?
8
Let d be 16*-1*(-2 - -3)*2. Let c = d + 35. Suppose -2*w + 93 = y, -w - y = -c*y - 34. What is the units digit of w?
4
Let g = 1925 + -1633. What is the tens digit of g?
9
Let c = -17 - -151. Let x = 173 - c. What is the units digit of x?
9
Let x be 15/(45/(-2036))*(-3)/2. Suppose -194 - x = -3*r. What is the hundreds digit of r?
4
Let b(s) = 114*s + 218. Let i be b(13). Let f = i + -1181. What is the tens digit of f?
1
Let x = -1 + 4. Suppose 6*v = 2*a + v - 73, x*a - 67 = -v. Suppose 536 = a*m - 20*m. What is the units digit of m?
4
Suppose 139*h = 142*h - 9126. What is the thousands digit of h?
3
Let h = -27356 + 38784. What is the hundreds digit of h?
4
Let w(b) = -b**3 + 11*b**2 - 2*b - 32. Let q be w(10). Suppose 3*a + 5*u - 67 = -0*u, 0 = -2*a - 4*u + q. What is the units digit of a?
4
Let k = -176 - -182. Let y(q) = 41*q + 102. What is the units digit of y(k)?
8
Suppose 3*v + 1354 - 5527 = 0. Let h = v - 706. What is the tens digit of h?
8
Suppose -2*c - 5*i = 723, 0*c - 3*c + 5*i - 1072 = 0. Suppose -428 = -124*s + 126*s. Let j = s - c. What is the units digit of j?
5
Let u = 117330 + -60864. What is the ten thousands digit of u?
5
Let k = -233 + 1011. Let h = k - -477. What is the hundreds digit of h?
2
Let w(y) = y + 9. Let b(n) = -n - 9. Let v be b(0). Let t be w(v). Let k(l) = -5*l + 222. What is the units digit of k(t)?
2
Let o(a) = -75*a - 8. Let s be o(-31). Suppose s = 4*g + x + 62, 0 = -2*g - x + 1127. What is the tens digit of g?
6
Let m(b) = b**2 - 19*b + 30. Let l be m(18). Let q be (-2)/(l/66 + (1 - 1)). Let t = 68 + q. What is the tens digit of t?
5
What is the thousands digit of 1051/((-20)/(-84)*7*(-8)/(-280))?
2
Let x(w) = -w + 10*w**3 + 4*w**2 - 36*w**3 + 13*w**3 + 14*w**3. Let k = 102 - 99. What is the units digit of x(k)?
0
Suppose -4*l + 6 + 14 = 0. What is the tens digit of 120/(-48)*(-1)/(l/732)?
6
Let t(a) = -a**3 + 46*a**2 + 75*a + 60. What is the hundreds digit of t(30)?
7
Let w = -3 + 7. Suppose 5*h = 3 + 7, w*o + 2*h = 336. What is the units digit of o?
3
What is the hundreds digit of (-216)/(-44) + 3/33 - -1555?
5
What is the tens digit of 13177 + -103 - (16 + -1)?
5
Let c be 4/3*8388/8. Let m = c + -874. What is the tens digit of m?
2
Let o(u) = -u**2 - 8*u - 5. Let y be o(-5). Let k be y/(-75) - 424/(-30). Suppose 6*l = 38 - k. What is the units digit of l?
4
Suppose 0 = 5*g - 3*z - 24, 2*g + 5*z + 30 = 7*g. What is the units digit of g - -1 - 13247/(-13)?
3
Suppose -k - 2*k + 1521 = v, 4*v = -5*k + 6105. Suppose -3*s = 273 - v. What is the units digit of s?
9
Suppose 8*a + 44418 - 114642 = 0. What is the units digit of a?
8
Let j be ((-75)/6)/(-5) + 5/10. Let h = 488 - j. Suppose 5*q = h + 40. What is the units digit of q?
5
Let a(s) = s**2 + 10*s + 32. Let c be a(13). Let u = -586 - -1474. Suppose 5 = -5*b, -4*r + u = b - c. What is the hundreds digit of r?
3
Suppose -y + 9982 = -z - 5145, -y - 2*z + 15145 = 0. What is the ten thousands digit of y?
1
Let q = -2326 - -4235. Let a = 2909 - q. What is the thousands digit of a?
1
Let b(s) = -6*s**2 - 2*s - 26. Let w be b(19). Let m = w + -10778. What is the units digit of (m/10)/(-6) + 2/10?
7
Let g = -198 - -307. Let v = g + -106. Suppose 583 = 2*r + 3*r - a, a = -v*r + 345. What is the units digit of r?
6
Let r(g) = -9*g**2 - 22*g - 44. Let j(x) = -2*x**2 - x + 1. Let v(p) = -5*j(p) + r(p). What is the hundreds digit of v(24)?
1
Suppose -8*x = -4*x - 8. Suppose 5*p + 3*o = 3299, -7*p = -x*p + 2*o - 3296. What is the units digit of p?
8
Let a be 2 - 3/((-6)/(-32)). Let n be 520/140 + (-4)/a. Suppose -40 = -n*w + 300. What is the units digit of w?
5
Let t(c) = 4*c**3 + c**2 - 6*c - 6. Let i be t(3). Let h = i + -91. What is the units digit of -102*h*4/(-6)?
6
Let t(b) = -15*b**3 + 2*b**2 - 6*b - 6. Let p be t(-4). Let k = p - -297. Suppose 13*a - 1839 = k. What is the tens digit of a?
4
Let v = -60 - -52. Let l(x) = x + 3. Let y be l(v). Let n = y - -142. What is the hundreds digit of n?
1
Suppose 3*f = 7*p - 6*p + 3850, 0 = -5*f - 3*p + 6398. Suppose 5*r - 1591 = -0*r + 2*s, 4*r + 3*s = f. What is the hundreds digit of r?
3
Let w(d) be the first derivative of -d**3/3 + 18*d**2 + 72*d - 16. What is the tens digit of w(30)?
5
Let w(p) = p + 1. Let x(q) = 4*q**2 - q - 14. Let u(y) = -w(y) + x(y). Suppose 5*v = -264 + 249. What is the tens digit of u(v)?
2
Let m(o) = 4360*o + 1046. What is the tens digit of m(7)?
6
Let l(d) = -d**3 + 3*d**2 + 47. Let v = -770 + 764. What is the units digit of l(v)?
1
Let l = 38 - -857. Suppose 12*s = l + 185. What is the tens digit of s?
9
Let z(h) be the first derivative of 17*h**3/2 + 12*h**2 + 36*h - 18. Let r(o) be the first derivative of z(o). What is the tens digit of r(3)?
7
Suppose -259044 - 274580 = -14*s. What is the ten thousands digit of s?
3
Suppose -3*n = -4*z - 4, 2*n + 3*n = -z + 22. Suppose -z*i = 2*i - 12*i. Suppose i = g + j, -j = -0*j + 2. What is the units digit of g?
2
Let s = 1617 + -1102. Let q be ((-36)/(-114))/(14/133). Suppose 5*m + q*c = -2*c + s, -20 = 5*c. What is the tens digit of m?
0
Let d = 2929 + -1045. What is the units digit of d?
4
Suppose i - 4*r + 1 = -3, 4 = 4*r. Suppose 5*w + 233 - 653 = i. What is the tens digit of w?
8
Suppose 6 + 0 = -2*w. Let r(a) = 29*a**2 - 5*a + 3. Let j be r(w). Suppose j + 241 = 5*k. What is the tens digit of k?
0
Let x(d) = -8*d**2 + 13*d + 20383. What is the ten thousands digit of x(0)?
2
Let p = -1187 + 396. Let a = p + 1256. What is the units digit of a?
5
Let v be 2/2 + (-2 - -9) + -18. What is the units digit of 15/v - (-333)/2?
5
Let y = -26 - -29. Suppose 0 = y*i + 3*l - 459, 0 = 6*i - i + 4*l - 762. What is the tens digit of i?
5
Let q(k) = -k**3 + 2*k + 4. Let a be q(0). Suppose -3556 = -8*b + a*b. Suppose -245 = -7*h + b. What is the units digit of h?
2
Let u(b) = -17*b - 20. Let y(m) = -33*m - 39. Let v(f) = -5*u(f) + 3*y(f). Let a(g) = -13*g - 17. Let z(n) = -3*a(n) + 2*v(n). What is the tens digit of z(3)?
5
Let x(u) = -64026*u**3 - 5*u**2 - 10*u - 8. What is the tens digit of x(-1)?
2
Suppose 291*h = 289*h + p + 2147, -5*p = 5*h - 5345. What is the thousands digit of h?
1
What is the units digit of 12856/(-6)*-15*63/210?
2
Suppose -3*o - 3*a = -5601, 5*o = -136*a + 139*a + 9271. What is the thousands digit of o?
1
Let y(w) = 74*w**2 + 55*w - 549. What is the tens digit of y(9)?
4
What is the hundreds digit of (-2)/(-9) + 304055*-1*554/(-2493)?
5
Let b(w) = -12*w**2 - 3*w + 2. Let v be b(1). Suppose 2*y - 28 - 136 = 0. Let u = y + v. What is the units digit of u?
9
Suppose -4*v - 4*w = 52, -2*v + w - 37 = 2*v. Let n = -8 - v. Suppose 0 = -0*l + n*l - 200. What is the hundreds digit of l?
1
What is the hundreds digit of -1292*(-14)/8*(-38305)/(-1141)?
9
Let y(h) = h**3 + 42*h**2 - 37*h - 3. Let z be y(-37). Suppose -19*k = -719 - z. What is the units digit of k?
0
Let u be (-11 + -5)/(-2)*1. Suppose -u*l - 5283 = -17*l. What is the hundreds digit of l?
5
Let q(d) = d + 3*d**2 - d**3 + 293 + 10*d**2 - 147 - 135. What is the units digit of q(13)?
4
Suppose -3*q - 20591 = -4*z, -3*z + 7715 + 7723 = 3*q. What is the tens digit of z?
4
Let g(j) = 6842*j + 489. What is the hundreds digit of g(2)?
1
Suppose 9255 = 5*d + 3*r, 2*d - 2*r - 7382 = -2*d. Let m = -329 + d. What is the thousands digit of m?
1
Let h be ((-297)/81)/((-1)/48). Let l = h - 165. What is the units digit of l?
1
Suppose 365*d - 2380 = 361*d. What is the hundreds digit of d?
5
Let v = 51 + -46. Suppose -v*f = 5, -3*w + 8*w = -4*f + 211. Let b = 14 + w. What is the tens digit of b?
5
Suppose h + 81 = 78. What is the tens digit of (24/60)/((2 + h)/(-1090))?
3
Suppose 0 = -i + 2*k + 18609, -1285*k + 1289*k = -5*i + 93087. What is the ten thousands digit of i?
1
Let l = -23 - -86. Suppose -4*s + l = -11*s. Let m(b) = b**2 + 3*b - 8. What is the tens digit of m(s)?
4
Let g(u) = 15388*u**2 - 529*u - 1051. What is the hundreds digit of g(-2)?
5
What is the hundreds digit of (-26)/91 - (-102684)/28?
6
Suppose 11 = 5*p + 1. Let f(k) = -6*k**2 + 